 when j is divided by r.
57
Suppose -2*g + 3*d = -7*g + 70, g - 2*d - 1 = 0. Calculate the remainder when 1229 is divided by g.
8
Suppose -5*l - 46 = -2*h + 1, 3*l = 15. Suppose 2*z = -0*z + h. Let g = 21 - z. What is the remainder when 12 is divided by g?
0
Let i(z) = 2*z**2 + 15*z - 16. Let l = 27 + -38. Let d be i(l). Suppose 5*g - d - 74 = 0. Calculate the remainder when g is divided by 5.
2
Let a(j) = -j. What is the remainder when 74 is divided by a(-22)?
8
Suppose 49203 = 72*z + 5*z. What is the remainder when z is divided by 40?
39
Suppose -11*o = -285 - 287. Suppose b - 7 = -r, 5*r + 3*b - 39 = -0*b. Calculate the remainder when o is divided by r.
7
Suppose -2*k - 10*k = -1740. Suppose -o - a + 37 = 0, -5*o + k = a - 4*a. Calculate the remainder when 159 is divided by o.
31
Let o(x) = x**3 - 6*x**2 + x + 5. Calculate the remainder when 32 is divided by o(6).
10
Let z be -6*(-2)/15*(-1485)/(-18). Suppose -8*r = 3*r - z. Suppose -s + 29 = -0*s. Calculate the remainder when s is divided by r.
5
Suppose 157 = 2*i + 5*s, 19*s = 3*i + 18*s - 227. What is the remainder when 1897 is divided by i?
73
Let r be -2 - (4 + 2)/(-2). What is the remainder when 51 is divided by (90/(-25))/(r/(-5))?
15
Suppose j - 5*i = -75, 5*i = 4*j + j + 435. Let k = j + 96. Calculate the remainder when k is divided by 4.
2
Let d = 647 - 521. What is the remainder when d is divided by 26?
22
Suppose 11 = -w + 14. Suppose -46 = -w*x + 134. What is the remainder when x is divided by 9?
6
Let t be 46/4*(4 - 6). Let h = -9 - t. Calculate the remainder when h is divided by -5 + 2 - (-2)/(4/14).
2
Let j = 152 + -42. What is the remainder when j is divided by 3?
2
Suppose 0 = -5*u, 30*f - 27*f - 5*u - 21 = 0. Calculate the remainder when 131 is divided by f.
5
Suppose 5*n + 4*z + 108 = -181, -5*n - 282 = -3*z. Let t = n - -61. Calculate the remainder when 17 is divided by t.
1
Let o = 443 + -295. What is the remainder when o is divided by 5?
3
Let f(o) = -12*o**2 + 2*o - 2. Let q be f(1). What is the remainder when 93 is divided by 256/q*9/(-6)?
29
Let w(c) be the first derivative of c**3/3 + 9*c**2 + 9*c - 17. What is the remainder when 25 is divided by w(-18)?
7
Let i = 346 - 320. What is the remainder when 30 is divided by i?
4
Let i be (4/6)/(28/210). Suppose -i*u = -97 - 13. Calculate the remainder when 61 is divided by u.
17
Let n(w) = -9*w - 101. Calculate the remainder when 99 is divided by n(-15).
31
Calculate the remainder when (-1 + -2)*(-768)/9 is divided by 7.
4
Suppose 2*c - 515 = 3*n, 0*c + 3*n - 780 = -3*c. What is the remainder when c is divided by 10?
9
Suppose 3*k + 3*f = 30, 0 = -k - k - 4*f + 22. Suppose 0 = -7*m + 233 - k. Calculate the remainder when 91 is divided by m.
27
Let j(k) be the second derivative of 25*k**3/6 - 9*k**2 - 36*k. What is the remainder when j(3) is divided by 10?
7
Let p(k) = 3*k**2 + 37*k - 696. What is the remainder when p(17) is divided by 134?
130
Suppose 3*g + 540 = 7*g. Let c = g - 52. What is the remainder when c is divided by 12?
11
Suppose 5*s = g + 178, 3*s + 0*g = 3*g + 102. Let w(o) = -20*o. What is the remainder when s is divided by w(-1)?
16
Let h(j) = 17*j - 554. Calculate the remainder when h(35) is divided by 36.
5
Let o(b) = -b**2 + 7*b. Let s be o(7). Suppose s = i + 2 - 11. What is the remainder when 9 is divided by (12/18)/(2/i)?
0
Suppose 3951*t + 297 = 3960*t. Calculate the remainder when 125 is divided by t.
26
Calculate the remainder when 75 is divided by (10/4)/((-20)/(-304)).
37
Let r = 39 - 36. Suppose 320 = 4*s + 4*l, 2*s - r*l = -3*s + 368. Calculate the remainder when s is divided by 13.
11
Let s(a) = a + 16. Suppose -601 + 196 = -5*y - 3*f, 0 = 5*y - 2*f - 380. Calculate the remainder when y is divided by s(24).
38
Let b be (-1 - 1)/(5/(-10)). Suppose 2*k - 4 = 0, 0*m + 24 = m + b*k. What is the remainder when 63 is divided by m?
15
Let s = 3 - -2. Suppose s*x + 40 = x. What is the remainder when (60/(-6))/(4/x) is divided by 14?
11
Suppose -4*m = -4*s + 52, -3*s + 5*m = -s - 35. Calculate the remainder when 148 is divided by s.
8
Suppose 3*y - 118 = n, -3*y + 2*n = 2*y - 196. Suppose -4*m + 40 = -y. Let h = 43 + 14. What is the remainder when h is divided by m?
17
Let x(r) = -5*r. Let f be x(-1). Suppose 3*t = -f*s + 113, -3*s + t + 87 = -2*t. Let h = 253 - 154. Calculate the remainder when h is divided by s.
24
Let n = -14 - -32. Let f = -18 + n. Suppose -4*p = 3*s - 29, -2*s = -f*s - 5*p - 50. Calculate the remainder when 29 is divided by s.
14
Calculate the remainder when 2*(-3 + 885/10) is divided by 44.
39
Calculate the remainder when ((-335 + 0 + 1)*-1)/2 is divided by 28.
27
Let l = 462 + -113. What is the remainder when l is divided by 35?
34
Let a be (19 - 14)*6/10. Let i = a + 8. What is the remainder when 19 is divided by i?
8
Suppose 5*j - 675 = -5*d, 0*j = -3*d + 4*j + 377. Let f = d - 29. Calculate the remainder when f is divided by (-87)/(-4) - (-21)/(-28).
18
Let i = 1341 - 1238. Let m(h) = 4*h + 6. Suppose 0*x + 10 = 2*x. Calculate the remainder when i is divided by m(x).
25
Suppose -5*y + 49 = -4*j - 124, j + 40 = -2*y. Let x = j - -76. Let r(g) = -6*g + 180. What is the remainder when x is divided by r(28)?
10
Let f(h) = -3*h**3 + 19*h**2 + 17*h + 6. What is the remainder when 71 is divided by f(7)?
17
Let f(k) = 35*k + 4. Let j be f(2). Let r = j - 71. What is the remainder when 11 + 1 + (-6)/3 is divided by r?
1
Suppose p - 19 + 17 = 0. Suppose 4*m - 258 = -p*m. Calculate the remainder when 75 is divided by m.
32
Suppose 0 = 4*n + j + 4, -7*n + 3*n + 4*j = -16. Suppose 2*i - 10 - 12 = n. What is the remainder when 31 is divided by i?
9
Let h(r) = -26*r + 3. What is the remainder when h(-1) is divided by 9 - -4 - (1 + 1)?
7
Let o be (-3 - 12)/(1 + -4). Suppose -49 = -o*y + 21. Let a = 38 - 12. Calculate the remainder when a is divided by y.
12
Let n(o) = 3*o**3 - 4*o**2 + 3*o - 1. Let i = -112 + 110. What is the remainder when n(3) is divided by ((-2)/6)/(i/66)?
9
Suppose 3*s = 3*r - 93, -3*r + 3*s - 8*s = -101. Calculate the remainder when 82 is divided by r.
18
Calculate the remainder when 1527 is divided by (11 - 10 - 4)*-15.
42
Suppose -426*u - 60 = -431*u. Calculate the remainder when 30 is divided by u.
6
Let m = -186 - -315. What is the remainder when m is divided by 33?
30
Suppose 0 = -47*l + 38*l + 234. What is the remainder when 232 is divided by l?
24
Suppose -11*m + 12 = -8*m. What is the remainder when 62 is divided by m?
2
Let p = -61 - -95. Let j be -13*(-1)/5 + (-6)/(-15). Suppose -106 = -5*n - 5*z + 369, 2*n - 185 = -j*z. What is the remainder when n is divided by p?
32
Let p = -33 + 35. Suppose -p*y = -5*y + 63. What is the remainder when 60 is divided by y?
18
Let k(z) = -z**3 - 4*z**2 + 7*z - 8. Let s be (7 - 1) + (-6 - -4). Suppose 0 = 6*y + s + 32. What is the remainder when 62 is divided by k(y)?
18
Let d(n) = n**3 + 30*n**2 + 35*n + 201. Let c = 11 - 6. Calculate the remainder when d(-29) is divided by c.
2
Suppose -3*z - 5 = g - 0, 0 = 5*g - 5*z - 55. Suppose -g*y = -y - 24. What is the remainder when 17 is divided by y?
1
Suppose -160*x = -158*x - 2, 5*g - 106 = 4*x. Calculate the remainder when 349 is divided by g.
19
Let m = 75 - 36. Let p = m + 72. Calculate the remainder when p is divided by 28.
27
Let y be 351/(-26)*(0 + 38/(-3)). Let f = 226 - y. Calculate the remainder when f is divided by 7.
6
Let y be (-4)/(-14) - 14/49. Suppose 6 = -4*k - 2, a + 4*k - 1 = y. Calculate the remainder when (-218)/(-5) + (-8)/(-20) is divided by a.
8
Suppose -n - 88 + 119 = 0. What is the remainder when n is divided by 17?
14
Suppose -941*o + 948*o = 28. Calculate the remainder when o is divided by 3.
1
What is the remainder when 453 is divided by (-107)/428 + (-3)/4*-63?
30
Suppose 2*b - 6*b = -a - 117, b - 5*a - 34 = 0. Calculate the remainder when b is divided by 29.
0
Let v be 1/(-1 + 0) + 5. Let l(c) = -v*c + 3*c + 0*c**2 + 8*c - 8 + c**2. What is the remainder when 29 is divided by l(-9)?
9
Let t = -26 + 33. Let g(b) = b**3 - 7*b**2 - b + 18. Suppose k - s = 22, -3*k - s = -5*s - 69. Calculate the remainder when k is divided by g(t).
8
Suppose 5*y + 6 = 2*y, -2*n + 5*y + 20 = 0. Suppose b + 8 = n*b. Calculate the remainder when 56 is divided by b/(1 